3) in base 6?
-12
What is -3 (base 12) in base 10?
-3
What is 1332 (base 4) in base 11?
105
What is -1240 (base 5) in base 11?
-168
Convert 42 (base 7) to base 16.
1e
What is 2 (base 6) in base 7?
2
-24 (base 8) to base 3
-202
What is -240 (base 5) in base 10?
-70
Convert -4 (base 5) to base 9.
-4
-1 (base 12) to base 13
-1
What is -110010 (base 2) in base 10?
-50
Convert 111 (base 13) to base 8.
267
What is 178 (base 9) in base 5?
1102
Convert -33 (base 5) to base 16.
-12
What is -1c (base 13) in base 6?
-41
What is -21 (base 16) in base 13?
-27
Convert -3 (base 8) to base 10.
-3
Convert -22 (base 14) to base 10.
-30
What is 0 (base 10) in base 4?
0
What is -10 (base 9) in base 10?
-9
What is 3010 (base 4) in base 10?
196
What is 1120 (base 3) in base 12?
36
Convert 207 (base 10) to base 11.
179
-41 (base 5) to base 4
-111
What is -22 (base 8) in base 13?
-15
-140 (base 7) to base 12
-65
What is -1122 (base 4) in base 15?
-60
Convert -1100 (base 2) to base 7.
-15
What is -11 (base 6) in base 9?
-7
14 (base 16) to base 6
32
Convert -102 (base 3) to base 14.
-b
What is 10 (base 14) in base 9?
15
110 (base 8) to base 15
4c
Convert -1 (base 6) to base 16.
-1
What is -55 (base 16) in base 4?
-1111
-30 (base 11) to base 9
-36
Convert 1 (base 11) to base 10.
1
-7 (base 9) to base 6
-11
255 (base 6) to base 10
107
What is -62 (base 11) in base 8?
-104
What is b (base 15) in base 10?
11
What is 1 (base 11) in base 8?
1
Convert -c7 (base 15) to base 9.
-227
What is -27 (base 9) in base 7?
-34
What is -121 (base 3) in base 15?
-11
Convert 23 (base 12) to base 16.
1b
-6 (base 14) to base 8
-6
What is -107 (base 9) in base 4?
-1120
Convert 15 (base 12) to base 10.
17
What is 19 (base 14) in base 7?
32
Convert 0 (base 7) to base 11.
0
What is -1 (base 13) in base 14?
-1
What is 35 (base 14) in base 15?
32
What is 16 (base 9) in base 7?
21
Convert -1 (base 6) to base 15.
-1
What is 14 (base 9) in base 14?
d
What is -9 (base 14) in base 16?
-9
Convert -1f (base 16) to base 9.
-34
What is 1 (base 15) in base 3?
1
1 (base 4) to base 11
1
What is -365 (base 9) in base 16?
-12e
What is -7 (base 13) in base 15?
-7
What is 1 (base 11) in base 13?
1
Convert 3 (base 14) to base 4.
3
What is -bb (base 12) in base 6?
-355
Convert 2 (base 6) to base 12.
2
What is 20 (base 16) in base 6?
52
Convert 1a9 (base 12) to base 8.
421
What is 1002 (base 4) in base 6?
150
Convert 352 (base 7) to base 6.
504
-2 (base 7) to base 4
-2
Convert 2 (base 15) to base 16.
2
What is 20 (base 15) in base 10?
30
Convert -2 (base 9) to base 6.
-2
-33 (base 5) to base 3
-200
2 (base 15) to base 6
2
What is -102 (base 6) in base 3?
-1102
Convert 1202 (base 3) to base 4.
233
-3 (base 5) to base 9
-3
What is 0 (base 10) in base 11?
0
What is 80 (base 9) in base 3?
2200
What is -9 (base 15) in base 7?
-12
-7 (base 16) to base 9
-7
What is 96 (base 15) in base 14?
a1
a8 (base 11) to base 9
141
Convert 3 (base 14) to base 2.
11
-443 (base 5) to base 2
-1111011
What is 3 (base 4) in base 8?
3
Convert 7 (base 10) to base 5.
12
What is 244 (base 10) in base 4?
3310
Convert 11 (base 5) to base 3.
20
Convert 175 (base 9) to base 8.
225
Convert -3 (base 5) to base 2.
-11
Convert 1e (base 15) to base 10.
29
What is -11 (base 16) in base 13?
-14
101 (base 2) to base 16
5
What is -1b (base 16) in base 6?
-43
Convert -1 (base 8) to base 11.
-1
What is -4a (base 16) in base 15?
-4e
Convert -a (base 12) to base 15.
-a
Convert -11 (base 3) to base 4.
-10
What is 10 (base 14) in base 3?
112
Convert -22 (base 6) to base 4.
-32
-154 (base 13) to base 3
-22211
30 (base 15) to base 14
33
20 (base 3) to base 8
6
-1 (base 16) to base 3
-1
Convert 22 (base 10) to base 16.
16
What is 287 (base 9) in base 8?
361
What is 123 (base 4) in base 9?
30
Convert -5 (base 13) to base 16.
-5
What is 9 (base 16) in base 13?
9
Convert 200 (base 3) to base 6.
30
Convert -101000 (base 2) to base 10.
-40
-4 (base 13) to base 16
-4
What is 10 (base 5) in base 3?
12
What is 66 (base 9) in base 10?
60
Convert -2 (base 7) to base 15.
-2
What is -1 (base 5) in base 4?
-1
Convert -19 (base 16) to base 4.
-121
-101 (base 2) to base 9
-5
What is -1 (base 4) in base 3?
-1
-294 (base 12) to base 15
-1ba
What is -4 (base 5) in base 11?
-4
What is -7 (base 9) in base 14?
-7
Convert 5 (base 15) to base 9.
5
Convert -2 (base 5) to base 14.
-2
Convert 24 (base 10) to base 15.
19
What is -1 (base 4) in base 3?
-1
6 (base 8) to base 10
6
-2 (base 15) to base 3
-2
What is 18 (base 9) in base 14?
13
Convert -16 (base 7) to base 13.
-10
What is 241 (base 5) in base 10?
71
Convert -101001011 (base 2) to base 3.
-110021
What is 1343 (base 5) in base 4?
3133
What is 11 (base 13) in base 16?
e
Convert 3 (base 7) to base 14.
3
41 (base 9) to base 6
101
1c (base 15) to base 2
11011
Convert 102 (base 6) to base 15.
28
-28 (base 14) to base 6
-100
What is -1c9 (base 14) in base 6?
-1421
What is -6 (base 16) in base 11?
-6
-1c (base 15) to base 16
-1b
Convert 35 (base 12) to base 3.
1112
Convert -11 (base 15) to base 7.
-22
-10010000 (base 2) to base 12
-100
What is 145 (base 8) in base 9?
122
Convert 2c (base 15) to base 3.
1120
1 (base 15) to base 9
1
-90 (base 15) to base 16
-87
-332 (base 10) to base 8
-514
2 (base 10) to base 14
2
-5 (base 12) to base 6
-5
22 (base 3) to base 6
12
Convert -231 (base 6) to base 7.
-160
Convert -6 (base 10) to base 15.
-6
Convert -15 (base 7) to base 2.
-1100
-91 (base 16) to base 14
-a5
Convert c (base 13) to base 9.
13
375 (base 9) to base 4
10313
Convert -1111 (base 2) to base 9.
-16
40 (base 9) to base 15
26
9 (base 14) to base 15
9
What is 25 (base 7) in base 8?
23
31 (base 12) to base 5
122
Convert 0 (base 13) to base 6.
0
Convert 1d8 (base 14) to base 7.
1061
What is 2034 (base 5) in base 7?
533
-14 (base 8) to base 11
-11
Convert -10101 (base 2) to base 16.
-15
What is 12 (base 4) in base 10?
6
What is -455 (base 7) in base 3?
-22202
Convert 106 (base 15) to base 8.
347
-3 (base 9) to base 4
-3
Convert -10000000 (base 2) to base 7.
-242
Convert 31 (base 8) to base 12.
21
What is 1 (base 14) in base 9?
1
What is 25 (base 8) in base 4?
111
Convert 0 (base 3) to base 2.
0
Convert -14 (base 11) to base 9.
-16
11 (base 10) to base 5
21
2 (base 16) to base 7
2
-3 (base 16) to base 3
-10
Convert -24 (base 6) to base 16.
-10
Convert -101000 (base 2) to base 6.
-104
Convert -3 (base 11) to base 4.
-3
What is -11 (base 9) in base 10?
-10
Convert 102 (base 14) to base 9.
240
1 (base 10) to base 2
1
Convert 2 (base 4) to base 9.
2
What is 5 (base 13) in base 3?
12
Convert 2 (base 7) to base 3.
2
Convert 0 (base 2) to base 11.
0
Convert -2 (base 5) to base 12.
-2
What is -4 (base 15) in base 7?
-4
What is 10 (base 9) in base 6?
13
Convert 2 (base 3) to base 9.
2
-4 (base 6) to base 5
-4
Convert 3 (base 6) to base 15.
3
Convert 30 (base 9) to base 13.
21
17 (base 12) to base 10
19
255 (base 10) to base 11
212
2202 (base 3) to base 9
82
What is -13 (base 11) in base 2?
-1110
231 (base 6) to base 8
133
Convert 28 (base 10) to base 14.
20
What is 313 (base 10) in base 11?
265
Convert -3331 (base 4) to base 13.
-166
What is -2 (base 6) in base 15?
-2
Convert 2 (base 11) to base 3.
2
-3 (base 9) to base 14
-3
-1c (base 13) to base 2
-11001
21122 (base 3) to base 15
db
-7 (base 10) to base 12
-7
44 (base 10) to base 13
35
Convert 12 (base 11) to base 14.
d
Convert -222 (base 3) to base 16.
-1a
-1 (base 4) to base 7
-1
123 (base 5) to base 2
100110
Convert 6 (base 16) to base 9.
6
Convert -34 (base 12) to base 9.
-44
What is -12 (base 15) in base 3?
-122
What is -203 (base 6) in base 4?
-1023
What is -12 (base 3) in base 16?
-5
What is 10 (base 5) in base 8?
5
What is 6 (base 11) in base 10?
6
Convert 10 (base 14) to base 7.
20
What is -21 (base 14) in base 3?
-1002
2 (base 3) to base 12
2
What is -103 (base 8) in base 4?
-1003
15 (base 7) to base 10
12
What is -1110111 (base 2) in base 15?
-7e
What is 212 (base 4) in base 14?
2a
Convert 21 (base 3) to base 12.
7
What is -3 (base 11) in base 8?
-3
39 (base 15) to base 14
3c
What is 2101 (base 3) in base 14?
48
Convert -133 (base 11) to base 15.
-a7
Convert -3 (base 11) to base 4.
-3
What is 0 (base 11) in base 16?
0
What is -10100 (base 2) in base 15?
-15
What is 111100 (base 2) in bas